 be (-3)/1 + (-4 - -4). What is the units digit of 2/n*9/(-6)?
1
Let v(r) = -3*r - 2. Let d be v(-2). Suppose -20 = -s - 0*p + d*p, -52 = -5*s + 4*p. What is the units digit of s?
8
Let f be (48/(-40))/((-3)/10). Suppose 5*q + 2 = -f*d + 7, 5*d = q + 28. What is the units digit of d?
5
Let a(y) = 7*y**2 + 3*y + 9. Let p(x) = x**3 - x**2 - x - 1. Let w(z) = -a(z) - p(z). What is the units digit of w(-6)?
4
Suppose -2*b = -4*d - 14, -3*b - 2*d - 32 = -13. Suppose 2*q + 2*s + 0*s + 26 = 0, 3 = 3*s. Let z = b - q. What is the tens digit of z?
1
Suppose 3*k - 18 = -3. Suppose -7 - 3 = -k*w. What is the units digit of w?
2
Let w(u) = 4*u - 7. Let c be w(3). Suppose 4*y - r - 97 = 0, c*y - 106 = r + 15. What is the tens digit of y?
2
Suppose -3*i - 1 = -10. What is the units digit of i*(6 - (-3 - -5))?
2
Suppose -14 + 2 = 2*t. Let y be (-2)/6 + (-10)/6. What is the units digit of (8/t)/(y/6)?
4
Suppose -121 = -4*u + 203. What is the tens digit of u?
8
What is the units digit of (61 - 2)/(4/(-4 + 8))?
9
Let w(g) = -g**2 + 3*g + 21. What is the units digit of w(4)?
7
Let p(t) = -t**2 - 4*t + 3. Let j be p(-4). Let r(w) = -6*w**2 - 4 + j*w**2 + 5*w**2 + 3*w. What is the units digit of r(-3)?
5
Let r = 165 - 92. What is the units digit of r?
3
Let y(g) = -g + 6. Let u be y(5). Let z be (4/6)/((-14)/(-21)). Suppose 0 = -k + z + u. What is the units digit of k?
2
What is the hundreds digit of 12/21 - 1459/(-7)?
2
Let c be (-1 - 1/(-2))*-8. Let k(y) = y**2 + 5*y + 4. Let p be k(-5). Suppose c*d - 2*t + 2 + 2 = 0, d - 17 = -p*t. What is the units digit of d?
1
What is the units digit of -62*(-3 + (-10)/(-4))?
1
Let d(u) = 136*u**3 - 2*u + 1. What is the hundreds digit of d(1)?
1
Let o(d) = -d - 8. Let s be o(-4). Let b(k) = -k + 9. What is the tens digit of b(s)?
1
Let v be (-2)/3 - (-75)/(-9). Let o = v - -18. What is the units digit of o?
9
Suppose f - 4 - 1 = 0. What is the units digit of (4/3)/(f/15)?
4
Let x(z) = -z**2 + 13*z - 12. Let m = 18 + -9. Let s be x(m). Suppose -s = r - 5*r. What is the units digit of r?
6
Let y be (-4)/10 + (-12)/(-5). Suppose -4 = -4*a + 3*a, -y*k = 2*a - 50. What is the tens digit of k?
2
Let m(w) = -w**2 - 11*w. Let f be m(-11). Suppose u - 2 - 8 = f. What is the units digit of u?
0
Suppose 2*o - 6 = 2. Suppose 4*n - 19 = -3*l, -16 = -o*l + 4*n - 0. What is the units digit of l?
5
Let h(w) be the second derivative of w**4/6 - 5*w**3/6 - 2*w. What is the tens digit of h(4)?
1
What is the tens digit of 4/(-4) - -2 - -15?
1
Let i = 20 - 14. What is the units digit of i?
6
Suppose 1 = -5*l + 11. Suppose l = o - 5. Suppose -4*y + o*y = 57. What is the units digit of y?
9
Let v(a) = -a**3 + 6*a**2 + a - 4. Let c be v(6). Let k be 0/c + 7 + -27. What is the tens digit of 2 - (k + (-1 - -2))?
2
Suppose 5*k + w = -58, 0 = -k - w + 2*w - 8. Let d(t) = -t**3 - 12*t**2 - 14*t - 15. What is the tens digit of d(k)?
1
Suppose 5*o = -0*o + 5. Let p = o + 7. What is the units digit of p?
8
Suppose -18 = -3*l - 5*x, 1 = 4*l - x - 0*x. Let g be -15 + 2*(l - 0). Let n = -3 - g. What is the units digit of n?
0
Suppose 3*s - 44 = -4*g, -s + 2*g - 2 = -0*g. Let m(d) be the third derivative of -d**5/60 + d**4/3 + 5*d**3/6 + 2*d**2. What is the units digit of m(s)?
5
Let o(c) = c**2 + 3*c - 10. Let f(d) = 2*d**2 + 5*d - 19. Let s(x) = 6*f(x) - 11*o(x). Let q be s(3). Let t = q - -5. What is the units digit of t?
1
Suppose 0 = z - 5, n - 4*z + 5*z - 9 = 0. What is the units digit of n?
4
Let i be 28/(-20) + 4/10. Let r be 2*i/(-2)*2. Suppose r = -3*d + 32. What is the tens digit of d?
1
Let o be 15/6*3*2. Suppose 5*j = r - 23, 0*j = 5*j + o. What is the units digit of r?
8
Let d = 0 + -4. What is the units digit of ((-8)/d)/2 + 16?
7
Let g(l) = 2*l - 8. What is the units digit of g(8)?
8
Let t(y) = y**3 - 6*y**2 + 4*y - 8. Let l be t(6). Suppose -2*h + 4*w = 2 - l, 5*w = 5. What is the units digit of h?
9
Let l(z) be the third derivative of z**6/120 - z**5/15 - z**3/6 + 6*z**2. What is the tens digit of l(5)?
2
What is the tens digit of 2*(1 - 0) + 12?
1
Let k(s) = s**2 - 6*s + 4. What is the units digit of k(7)?
1
Suppose -r - 3 = 5. Let n = -3 - r. What is the units digit of n?
5
Let b = -40 - -175. What is the tens digit of b?
3
What is the tens digit of (13 - 15)/((-2)/64)?
6
Suppose 0 = -4*m - 0*m + 20. Suppose 4*f - 5*f = 1. Let c = f + m. What is the units digit of c?
4
Suppose 5*d - 4*p - 184 = 0, -3*p + 112 = 3*d - 7*p. What is the tens digit of d?
3
Let x = 320 - 160. What is the tens digit of x?
6
Let d = 1 + -2. Let h be (-4 - 6/(-3))/(-2). What is the tens digit of (-2 + h)/(d/10)?
1
Let o = -10 - -10. Suppose -110 = -o*g - 5*g. What is the units digit of g?
2
Suppose -4 - 17 = 3*n. Let c = n + 5. What is the units digit of (-1)/c*(3 + 5)?
4
Let n(w) = w - 1. Let x(d) = 3*d - 2. Let j(f) = 5*n(f) - 2*x(f). What is the units digit of j(-2)?
1
Let l = 11 + -7. Suppose l*h - 5*i = 62, i + 20 = 5*h - 47. What is the tens digit of h?
1
What is the units digit of (3/5)/(1/5)?
3
Let k(i) = 3*i**3 - 2*i**2 + 8*i + 11. Let a(o) = o**3 - o**2 + 3*o + 4. Let b(u) = 8*a(u) - 3*k(u). What is the units digit of b(-3)?
8
Suppose -26 - 1 = -3*n. Let b be 4/(n/6 - 1). Let s = b - 6. What is the units digit of s?
2
Let l = -5 + 5. Suppose 3*h - 5*i - 17 = l, 3*h - 11 = 2*i - 3*i. Suppose -5*d + h*d = -9. What is the units digit of d?
9
Let d(v) = -8*v**2 + 2*v + 1. Let j be d(-1). Let n = 2 - j. Suppose 5*x - 35 = 5*h, 15 = 3*x - 4*h - n. What is the units digit of x?
2
Let n = 4 + -1. Let y(o) = o**2 + 4*o - 3. Let x be y(-6). Suppose 0 = -n*p - 2*d + x, 3*p + 2*p = -5*d + 10. What is the units digit of p?
5
Suppose 2*h + 3*h + 5 = 0. Let x = h + 8. What is the units digit of x?
7
Let b = -64 - -34. Let c be 6/b + 22/10. Let d = -1 + c. What is the units digit of d?
1
Suppose -9 = -5*m + 6. Let q = 4 + m. What is the units digit of q?
7
Let r(p) = p**2 + 7*p - 8. Let d be r(-7). What is the tens digit of (d/(-1))/((-4)/(-6))?
1
Let b = 47 - 15. What is the units digit of b?
2
Let r(n) = 8*n**2 + 3*n. What is the units digit of r(-2)?
6
Suppose 2*f - 31 = -v, 3*v - 4*f = -f + 138. What is the tens digit of v?
4
Let m(v) = -3*v + 1. Let w be m(2). Let o be -1 - 5/(w/3). Suppose 16 = y + o*h - 3, y = 2*h + 15. What is the units digit of y?
7
Suppose 0 = 9*l + 2*l - 1463. What is the tens digit of l?
3
Let b = 1 - -1. Let k(i) = -2*i**3 - 3*i**2 + 4*i - 2. Let v be k(b). Let q = -16 - v. What is the units digit of q?
6
What is the hundreds digit of (-9 - -9) + (115 - 1) + -1?
1
Let z = -54 + 109. What is the tens digit of z?
5
Let s be (-2)/6 + 334/3. Suppose 0 = -6*x + 3*x + s. What is the units digit of x?
7
Suppose -7*g + 8*g = 60. Suppose -r + 3*r = -g. What is the tens digit of r/((-3)/((-6)/(-4)))?
1
Let y(t) = -t**3 - t + 6. Suppose 0 = 4*m - 3*m. What is the units digit of y(m)?
6
Suppose 2*s + 16 = 4*s. Let d = 10 - s. What is the units digit of d?
2
Let q be 58 + 4*3/6. Suppose 10*w = 5*w + q. What is the tens digit of w?
1
Suppose 3*x = -5*d + 64, d - 3*d = -5*x + 148. What is the tens digit of x?
2
Suppose 0 = k - 3*k + 14. Let y(d) = d - 13. Let u(x) = -1. Let m(i) = 4*u(i) - y(i). What is the units digit of m(k)?
2
Let g(z) = -5 - 5 + 4*z - 5*z. Let w be g(-11). What is the units digit of w - (-2 - -2 - 1)?
2
Suppose 3*r = b + 372, -422 = -5*r - 4*b + 215. Suppose -5*z + r = 5*x, z = -3*z - x + 85. What is the tens digit of z?
2
Suppose 2*b = 2*g + b + 18, -2*g - 20 = -2*b. What is the tens digit of (-21)/(-2)*g/(-6)?
1
Let c = -10 + 10. What is the units digit of 12/4 + 20 + c?
3
Let u = 46 - 37. What is the units digit of u?
9
Let p(k) = -4*k + 1. Let f be p(-2). Let t = f + -6. Suppose 5 = 2*h + t. What is the units digit of h?
1
Suppose -2*z + 5*j - 17 = 14, z = 2*j - 13. Let g be 4 + 4/(6/z). Suppose 0 = -b - 0*b + 3*v + 10, -g*b + 10 = -v. What is the units digit of b?
4
Let u(r) = -r**3 + 6*r**2 + 3*r + 5. Let n(o) = -4*o**3 + 25*o**2 + 13*o + 21. Let h(c) = -2*n(c) + 9*u(c). What is the tens digit of h(3)?
1
Let d(y) = -14*y**2 + 7*y - 6. Let c(b) = -14*b**2 + 8*b - 7. Let j(h) = 5*c(h) - 6*d(h). What is the units digit of j(1)?
3
Suppose -5*v - 308 = -3*v. What is the tens digit of (-10)/15 - v/6?
2
Suppose -68*k + 66*k = -220. 